312302020012 (base 4) in base 5?
-12134023334
Convert 990541 (base 14) to base 8.
23623175
Convert 2324112 (base 6) to base 14.
31ad6
Convert -101202200111 (base 3) to base 4.
-303233011
What is -16048 (base 11) in base 6?
-252555
1331030310 (base 4) to base 8
1751464
-41310 (base 6) to base 5
-134024
14325230 (base 7) to base 5
321214241
What is 26036 (base 14) in base 16?
16ca0
22121530 (base 6) to base 7
5433522
-20504716 (base 9) to base 12
-3378889
Convert 1555335 (base 6) to base 7.
535541
-22010321 (base 5) to base 11
-119451
Convert 507088 (base 9) to base 7.
2360612
What is 11001001101010100 (base 2) in base 11?
70636
Convert 12122000222 (base 3) to base 11.
762a9
Convert 43aa01 (base 12) to base 8.
4066041
23aa15 (base 14) to base 12
4aa24b
-10d052 (base 16) to base 10
-1101906
What is -230300221 (base 4) in base 2?
-101100110000101001
20221211121 (base 3) to base 4
201123211
6684 (base 11) to base 9
13062
5036 (base 10) to base 5
130121
Convert 11000a (base 11) to base 12.
8581a
What is 34948d (base 15) in base 7?
30231466
3a21838 (base 11) to base 4
122202130033
What is -16335 (base 12) in base 14?
-b717
What is -39050 (base 10) in base 7?
-221564
-2012112001201 (base 3) to base 13
-320332
Convert 1321143 (base 5) to base 9.
40218
What is -10022122200001 (base 3) in base 8?
-6566473
Convert 179780 (base 15) to base 7.
12511404
What is 9a93b4 (base 12) in base 6?
124442344
What is 3b478e (base 15) in base 4?
22313312201
What is 244d (base 16) in base 8?
22115
Convert 4380a2 (base 11) to base 8.
2525007
What is 542554124 (base 6) in base 3?
200011122110221
Convert -4e658 (base 16) to base 12.
-1359b4
What is 4331001410 (base 5) in base 2?
100011001110100010101101
Convert 3a63b3 (base 12) to base 5.
221333131
-12221020200 (base 3) to base 8
-344124
Convert 1001200010012 (base 3) to base 8.
2116154
What is -203211112 (base 4) in base 8?
-434526
4f3fd2 (base 16) to base 7
62100634
Convert 1501288 (base 12) to base 13.
b524ca
What is 14726f (base 16) in base 3?
2112002011012
-2123030310 (base 4) to base 11
-3a467a
-7bb4b (base 12) to base 13
-5a611
Convert -2107a28 (base 12) to base 4.
-113302010000
Convert -21152134 (base 6) to base 11.
-394855
a12ae (base 16) to base 6
22052114
What is -202443542 (base 6) in base 9?
-6507848
Convert -31000100221 (base 4) to base 5.
-1333041222
What is -1126c (base 13) in base 5?
-1444221
Convert -b035ad (base 15) to base 10.
-8364538
Convert -175938 (base 10) to base 5.
-21112223
What is 1000101110110011001010 (base 2) in base 4?
20232303022
Convert -41076 (base 8) to base 12.
-9992
231523 (base 8) to base 11
54123
105780 (base 10) to base 3
12101002210
What is -331022332 (base 4) in base 9?
-421627
Convert 1220212010121 (base 3) to base 12.
412821
What is -1510534 (base 11) in base 12?
-a50083
Convert -2144232012 (base 5) to base 2.
-10001110110101001000001
What is -11331101133 (base 4) in base 6?
-53250023
Convert 504026 (base 7) to base 11.
59201
What is -1bdeb3 (base 16) in base 4?
-12331322303
Convert 74b86 (base 16) to base 3.
220021210220
12210221 (base 5) to base 9
186484
-3d655 (base 14) to base 3
-21201201222
-25662 (base 12) to base 14
-14866
Convert -9117 (base 16) to base 4.
-21010113
What is -10231131 (base 4) in base 3?
-222110120
What is 52a3a9 (base 11) in base 9?
1532617
What is -141538 (base 11) in base 9?
-366863
Convert 166712 (base 11) to base 9.
432501
What is -12210a7 (base 12) in base 15?
-49a06a
Convert 1113661 (base 7) to base 16.
21bef
What is 795a99 (base 14) in base 9?
7678227
What is -22210022010121 (base 3) in base 16?
-474550
13163010 (base 7) to base 2
100100111000110100011
Convert -2201111 (base 3) to base 10.
-1984
Convert 50033 (base 9) to base 13.
11c3a
Convert 2053753 (base 9) to base 7.
12223410
Convert 30440 (base 6) to base 15.
1306
What is -263042 (base 9) in base 6?
-3231145
Convert -20823a (base 15) to base 9.
-2816051
41b69 (base 12) to base 4
111011001
What is -11213444 (base 6) in base 9?
-574211
Convert -1120201130 (base 4) to base 9.
-612335
What is 110001010010001101001001 (base 2) in base 3?
220022101101122
Convert -34155a (base 12) to base 9.
-1507207
-46557a (base 12) to base 8
-4235356
-32010232200 (base 4) to base 13
-9c2382
81d2b (base 16) to base 15
a7855
What is -10101111100000 (base 2) in base 15?
-34dc
1b32246 (base 14) to base 8
63601506
Convert -334533 (base 8) to base 6.
-2231031
What is 42635325 (base 7) in base 8?
15704144
Convert 1122211001 (base 3) to base 4.
13332133
11331010 (base 4) to base 7
131050
What is 25712435 (base 8) in base 2?
10101111001010100011101
Convert 101260 (base 9) to base 15.
12b99
What is -4253110 (base 6) in base 7?
-1531224
37a433 (base 11) to base 12
24aaba
What is 948e7d (base 15) in base 10?
7067143
-22302012211 (base 4) to base 13
-77c7a6
Convert 12142010 (base 5) to base 4.
130020313
Convert -a157 (base 12) to base 4.
-10101103
What is -110011110110001011 (base 2) in base 10?
-212363
Convert 15dac5 (base 15) to base 6.
34405522
Convert -4331a (base 12) to base 8.
-255006
-3266374 (base 10) to base 6
-154002034
Convert -734341 (base 12) to base 16.
-1ba3e1
-3463204 (base 7) to base 12
-190194
113f8c (base 16) to base 14
215d36
What is 22001312 (base 5) in base 13?
67590
What is 504372 (base 10) in base 5?
112114442
-1827474 (base 10) to base 4
-12332022102
What is 645542 (base 7) in base 2?
11011011100110100
Convert 362816 (base 9) to base 12.
a6636
104212 (base 6) to base 12
5068
What is 2ddb6 (base 15) in base 10?
148221
-1000110100101000011011 (base 2) to base 4
-20310220123
a20140 (base 13) to base 8
16303641
Convert -c8656 (base 13) to base 3.
-200100201221
Convert 19958a0 (base 11) to base 5.
1330014042
Convert -1642356 (base 7) to base 2.
-110111111001101001
What is -64615330 (base 8) in base 5?
-12020204333
Convert -5258020 (base 10) to base 13.
-1121371
Convert -65a346 (base 14) to base 9.
-6433486
What is 10233512 (base 6) in base 7?
2360153
Convert -14470 (base 12) to base 10.
-28308
817694 (base 11) to base 5
314010240
-12110120202122 (base 3) to base 7
-33456035
What is 11020201001021 (base 3) in base 2?
1000100111001101010011
279634 (base 11) to base 4
1222301103
Convert -645620 (base 9) to base 5.
-44302222
102562250 (base 7) to base 9
12425665
What is 243413420 (base 5) in base 15?
17bee0
-1712064 (base 8) to base 10
-496692
-24a02 (base 11) to base 2
-1000101111101010
What is -143e5 (base 15) in base 16?
-fdf7
Convert -344211130 (base 5) to base 3.
-2220221120102
-588e5 (base 15) to base 12
-117338
351473 (base 10) to base 2
1010101110011110001
What is -14a73 (base 12) in base 4?
-13013313
807024 (base 9) to base 5
110240032
1011111111001001101 (base 2) to base 8
1377115
Convert -20102111201 (base 3) to base 7.
-1034524
-128ab8 (base 14) to base 12
-269776
Convert -23247b (base 12) to base 11.
-355817
Convert 224241 (base 7) to base 8.
115753
What is -111011211202 (base 3) in base 14?
-6a773
-2234024402 (base 5) to base 14
-93b1d1
What is 32204524 (base 6) in base 8?
3476744
Convert 65190 (base 11) to base 15.
1d0eb
What is 1354a9 (base 11) in base 16?
33d08
-14132024 (base 5) to base 16
-239e1
19c5855 (base 13) to base 4
200200331001
Convert -abd5 (base 15) to base 4.
-20321021
9c413 (base 13) to base 10
284105
-143235011 (base 6) to base 5
-1224203410
What is 29a88aa (base 11) in base 7?
61531461
-1103041024 (base 5) to base 4
-21020102300
Convert 95319 (base 12) to base 2.
101111110010000101
What is 135718 (base 14) in base 7?
5452031
-42810 (base 13) to base 3
-20002121120
-1104042441 (base 5) to base 4
-21030022201
-1101133011 (base 4) to base 14
-898c5
71bc5 (base 14) to base 9
456747
Convert -acc0c7 (base 14) to base 7.
-100625340
Convert 14e5c1a (base 15) to base 13.
31a8939
What is -54a654 (base 15) in base 2?
-1111011000111111111010
4303343334 (base 5) to base 13
1b48451
Convert -171173 (base 9) to base 15.
-2156c
-13420302 (base 5) to base 8
-417113
20112110221 (base 3) to base 2
11111011010001101
What is 1b72841 (base 12) in base 8?
26316461
Convert 1101011000110101 (base 2) to base 3.
2210020000
Convert -1101101000101001001111 (base 2) to base 11.
-2021510
What is -1354557 (base 9) in base 5?
-142313031
What is -699342 (base 12) in base 16?
-19dfa2
2572651 (base 8) to base